{"id":131,"date":"2014-01-17T19:38:53","date_gmt":"2014-01-17T18:38:53","guid":{"rendered":"http:\/\/luff.studorg.liu.se\/LFK\/hemsida\/?page_id=131"},"modified":"2021-05-15T19:29:52","modified_gmt":"2021-05-15T17:29:52","slug":"se-keg","status":"publish","type":"page","link":"https:\/\/www.lfk.se\/?page_id=131","title":{"rendered":"SE-KEG"},"content":{"rendered":"<p><img loading=\"lazy\" decoding=\"async\" class=\"aligncenter size-full wp-image-136\" src=\"http:\/\/www.lfk.se\/wp-content\/uploads\/2014\/01\/keg_fpl.jpg\" alt=\"keg_fpl\" width=\"400\" height=\"300\" srcset=\"https:\/\/www.lfk.se\/wp-content\/uploads\/2014\/01\/keg_fpl.jpg 400w, https:\/\/www.lfk.se\/wp-content\/uploads\/2014\/01\/keg_fpl-300x225.jpg 300w\" sizes=\"auto, (max-width: 400px) 100vw, 400px\" \/>SE-KEG \u00e4r en Piper PA-18 &#8221;Super Cub&#8221; av \u00e5rsmodell 1988.<br \/>\nDen \u00e4r f\u00f6r n\u00e4rvarande <a href=\"http:\/\/www.lfk.se\/?page_id=365\">under renovering<\/a>.<\/p>\n","protected":false},"excerpt":{"rendered":"<p>SE-KEG \u00e4r en Piper PA-18 &#8221;Super Cub&#8221; av \u00e5rsmodell 1988. Den \u00e4r f\u00f6r n\u00e4rvarande under renovering. <a class=\"continue-reading-link\" href=\"https:\/\/www.lfk.se\/?page_id=131\">L\u00e4s mer<\/a><\/p>\n","protected":false},"author":1,"featured_media":0,"parent":89,"menu_order":6,"comment_status":"closed","ping_status":"open","template":"templates\/template-onecolumn.php","meta":{"footnotes":""},"class_list":["post-131","page","type-page","status-publish","hentry"],"_links":{"self":[{"href":"https:\/\/www.lfk.se\/index.php?rest_route=\/wp\/v2\/pages\/131","targetHints":{"allow":["GET"]}}],"collection":[{"href":"https:\/\/www.lfk.se\/index.php?rest_route=\/wp\/v2\/pages"}],"about":[{"href":"https:\/\/www.lfk.se\/index.php?rest_route=\/wp\/v2\/types\/page"}],"author":[{"embeddable":true,"href":"https:\/\/www.lfk.se\/index.php?rest_route=\/wp\/v2\/users\/1"}],"replies":[{"embeddable":true,"href":"https:\/\/www.lfk.se\/index.php?rest_route=%2Fwp%2Fv2%2Fcomments&post=131"}],"version-history":[{"count":5,"href":"https:\/\/www.lfk.se\/index.php?rest_route=\/wp\/v2\/pages\/131\/revisions"}],"predecessor-version":[{"id":36576,"href":"https:\/\/www.lfk.se\/index.php?rest_route=\/wp\/v2\/pages\/131\/revisions\/36576"}],"up":[{"embeddable":true,"href":"https:\/\/www.lfk.se\/index.php?rest_route=\/wp\/v2\/pages\/89"}],"wp:attachment":[{"href":"https:\/\/www.lfk.se\/index.php?rest_route=%2Fwp%2Fv2%2Fmedia&parent=131"}],"curies":[{"name":"wp","href":"https:\/\/api.w.org\/{rel}","templated":true}]}}