{"id":32304,"date":"2016-01-11T21:40:53","date_gmt":"2016-01-11T20:40:53","guid":{"rendered":"http:\/\/www.lfk.se\/?page_id=32304"},"modified":"2025-05-04T11:12:24","modified_gmt":"2025-05-04T09:12:24","slug":"uthyrningsbestammelser","status":"publish","type":"page","link":"https:\/\/www.lfk.se\/?page_id=32304","title":{"rendered":"Uthyrningsbest\u00e4mmelser"},"content":{"rendered":"\n<p>Vi piloter som flyger med LFKs flygplan f\u00f6ljer de regler som \u00e4r stipulerade i klubbens best\u00e4mmelser.<br>Om \u00f6vertr\u00e4delse av klubbens regler sker kan piloten nekas flygning.<\/p>\n\n\n\n<p><a href=\"https:\/\/www.lfk.se\/wp-content\/uploads\/2025\/05\/Uthyrningsbestammelser-2023-08-13.pdf\">Uthyrningsbest\u00e4mmelser 2023-08-13<\/a><\/p>\n","protected":false},"excerpt":{"rendered":"<p>Vi piloter som flyger med LFKs flygplan f\u00f6ljer de regler som \u00e4r stipulerade i klubbens best\u00e4mmelser.Om \u00f6vertr\u00e4delse av klubbens regler sker kan piloten nekas flygning. Uthyrningsbest\u00e4mmelser 2023-08-13 <a class=\"continue-reading-link\" href=\"https:\/\/www.lfk.se\/?page_id=32304\">L\u00e4s mer<\/a><\/p>\n","protected":false},"author":6,"featured_media":0,"parent":0,"menu_order":0,"comment_status":"closed","ping_status":"closed","template":"","meta":{"footnotes":""},"class_list":["post-32304","page","type-page","status-publish","hentry"],"_links":{"self":[{"href":"https:\/\/www.lfk.se\/index.php?rest_route=\/wp\/v2\/pages\/32304","targetHints":{"allow":["GET"]}}],"collection":[{"href":"https:\/\/www.lfk.se\/index.php?rest_route=\/wp\/v2\/pages"}],"about":[{"href":"https:\/\/www.lfk.se\/index.php?rest_route=\/wp\/v2\/types\/page"}],"author":[{"embeddable":true,"href":"https:\/\/www.lfk.se\/index.php?rest_route=\/wp\/v2\/users\/6"}],"replies":[{"embeddable":true,"href":"https:\/\/www.lfk.se\/index.php?rest_route=%2Fwp%2Fv2%2Fcomments&post=32304"}],"version-history":[{"count":7,"href":"https:\/\/www.lfk.se\/index.php?rest_route=\/wp\/v2\/pages\/32304\/revisions"}],"predecessor-version":[{"id":38240,"href":"https:\/\/www.lfk.se\/index.php?rest_route=\/wp\/v2\/pages\/32304\/revisions\/38240"}],"wp:attachment":[{"href":"https:\/\/www.lfk.se\/index.php?rest_route=%2Fwp%2Fv2%2Fmedia&parent=32304"}],"curies":[{"name":"wp","href":"https:\/\/api.w.org\/{rel}","templated":true}]}}